{"id":294,"date":"2017-12-06T20:30:53","date_gmt":"2017-12-06T19:30:53","guid":{"rendered":"http:\/\/faktoria-pruszcz.pl\/?page_id=294"},"modified":"2018-01-27T14:51:37","modified_gmt":"2018-01-27T13:51:37","slug":"kontakt-2","status":"publish","type":"page","link":"https:\/\/faktoria-pruszcz.pl\/?page_id=294&lang=de","title":{"rendered":"Kontakt"},"content":{"rendered":"<p>&nbsp;<\/p>\n<p><strong><span style=\"font-size: 12pt;\">Faktoria<\/span><br \/>\n<\/strong><\/p>\n<p><span id=\"result_box\" class=\"short_text\" lang=\"de\"><span class=\"hps\">Abteilung<\/span> <span class=\"hps\">der historischen Rekonstruktion<br \/>\n<\/span><\/span>Sport und Kulturzenter<br \/>\n83-000 Pruszcz Gda\u0144ski<br \/>\nZastawna <span id=\"result_box\" class=\"short_text\" lang=\"de\"><span class=\"hps\">Stra\u00dfe<\/span><\/span> (<span id=\"result_box\" class=\"short_text\" lang=\"de\"><span class=\"hps\">Eingang von der Grunwaldzka Stra\u00dfe<\/span><\/span>)<\/p>\n<p>tel: +48 601 830 590<br \/>\n<a href=\"biuro@faktoria-pruszcz.pl\">biuro@faktoria-pruszcz.pl<\/a><\/p>\n<p>&nbsp;<\/p>\n<p><span style=\"font-size: 12pt;\"><strong>Piotr Pu\u0142kowski<\/strong><\/span><\/p>\n<p>Direktor des Sport und Kulturzenter<br \/>\ntel: 58 682 35 71<br \/>\n<a href=\"mailto:ckis@pruszcz-gdanski.pl\">ckis@pruszcz-gdanski.pl<\/a><\/p>\n<p>&nbsp;<\/p>\n<p><iframe loading=\"lazy\" style=\"border: 0; margin: 10px auto;\" src=\"https:\/\/www.google.com\/maps\/embed?pb=!1m18!1m12!1m3!1d2331.009746513513!2d18.626053415973455!3d54.250712614285874!2m3!1f0!2f0!3f0!3m2!1i1024!2i768!4f13.1!3m3!1m2!1s0x46fd705a2c93604b%3A0xe40eb2575a457be!2sFAKTORIA+Pruszcz+Gda%C5%84ski!5e0!3m2!1spl!2spl!4v1512392265737\" width=\"100%\" height=\"450\" frameborder=\"0\" allowfullscreen=\"allowfullscreen\"><span style=\"display: inline-block; width: 0px; overflow: hidden; line-height: 0;\" data-mce-type=\"bookmark\" class=\"mce_SELRES_start\">\ufeff<\/span><span style=\"display: inline-block; width: 0px; overflow: hidden; line-height: 0;\" data-mce-type=\"bookmark\" class=\"mce_SELRES_start\">\ufeff<\/span><\/iframe><\/p>\n","protected":false},"excerpt":{"rendered":"<p>&nbsp; Faktoria Abteilung der historischen Rekonstruktion Sport und Kulturzenter 83-000 Pruszcz Gda\u0144ski Zastawna Stra\u00dfe (Eingang von der Grunwaldzka Stra\u00dfe) tel: +48 601 830 590 biuro@faktoria-pruszcz.pl &nbsp; Piotr Pu\u0142kowski Direktor des Sport und Kulturzenter tel: 58 682 <a class=\"more-link\" href=\"https:\/\/faktoria-pruszcz.pl\/?page_id=294&#038;lang=de?p=m\">Czytaj dalej&#8230;<\/a><\/p>\n","protected":false},"author":1,"featured_media":248,"parent":0,"menu_order":0,"comment_status":"closed","ping_status":"closed","template":"","meta":{"ngg_post_thumbnail":0,"footnotes":""},"class_list":["post-294","page","type-page","status-publish","has-post-thumbnail","hentry"],"_links":{"self":[{"href":"https:\/\/faktoria-pruszcz.pl\/index.php?rest_route=\/wp\/v2\/pages\/294","targetHints":{"allow":["GET"]}}],"collection":[{"href":"https:\/\/faktoria-pruszcz.pl\/index.php?rest_route=\/wp\/v2\/pages"}],"about":[{"href":"https:\/\/faktoria-pruszcz.pl\/index.php?rest_route=\/wp\/v2\/types\/page"}],"author":[{"embeddable":true,"href":"https:\/\/faktoria-pruszcz.pl\/index.php?rest_route=\/wp\/v2\/users\/1"}],"replies":[{"embeddable":true,"href":"https:\/\/faktoria-pruszcz.pl\/index.php?rest_route=%2Fwp%2Fv2%2Fcomments&post=294"}],"version-history":[{"count":7,"href":"https:\/\/faktoria-pruszcz.pl\/index.php?rest_route=\/wp\/v2\/pages\/294\/revisions"}],"predecessor-version":[{"id":3607,"href":"https:\/\/faktoria-pruszcz.pl\/index.php?rest_route=\/wp\/v2\/pages\/294\/revisions\/3607"}],"wp:featuredmedia":[{"embeddable":true,"href":"https:\/\/faktoria-pruszcz.pl\/index.php?rest_route=\/wp\/v2\/media\/248"}],"wp:attachment":[{"href":"https:\/\/faktoria-pruszcz.pl\/index.php?rest_route=%2Fwp%2Fv2%2Fmedia&parent=294"}],"curies":[{"name":"wp","href":"https:\/\/api.w.org\/{rel}","templated":true}]}}