{"id":453,"date":"2017-12-08T11:15:55","date_gmt":"2017-12-08T10:15:55","guid":{"rendered":"http:\/\/faktoria-pruszcz.pl\/?page_id=453"},"modified":"2024-01-25T13:15:09","modified_gmt":"2024-01-25T12:15:09","slug":"oferta-dla-szkol","status":"publish","type":"page","link":"https:\/\/faktoria-pruszcz.pl\/?page_id=453","title":{"rendered":"Oferta edukacyjna"},"content":{"rendered":"<blockquote><p>Faktoria Handlowa to miejsce, w kt\u00f3rym mo\u017cna zobaczy\u0107, jak \u017cyli ludzie na terenie Pruszcza Gda\u0144skiego ponad 2000 lat temu. To jednak nie tylko zabytki. To miejsce, gdzie w niekonwencjonalny spos\u00f3b propagowana jest wiedza archeologiczna w\u015br\u00f3d dzieci i m\u0142odzie\u017cy ju\u017c od 2011 roku.<\/p><\/blockquote>\n<p>Lekcje \u017cywej archeologii prowadzone s\u0105 w specjalnie przygotowanym do tego celu budynku, nosz\u0105cym nazw\u0119 \u201eHala Targowa\u201d. Obiekt ten wyposa\u017cony jest w nowoczesny sprz\u0119t multimedialny, kt\u00f3ry uatrakcyjnia dzieciom i m\u0142odzie\u017cy zaj\u0119cia edukacyjne.<\/p>\n<p>W trakcie zaj\u0119\u0107 uczestnicy mog\u0105 poczu\u0107 si\u0119 przez chwil\u0119, jak mali archeolodzy lub mieszka\u0144cy gockiej osady. Mog\u0105 r\u00f3wnie\u017c dotkn\u0105\u0107 licznych kopii zabytk\u00f3w archeologicznych, zapozna\u0107 si\u0119 z nimi, sprawdzi\u0107 jak dzia\u0142aj\u0105 i do czego s\u0142u\u017c\u0105. Dodatkowo nasze lekcje urozmaicone s\u0105 w r\u00f3\u017cnego rodzaju warsztaty plastyczne i zr\u0119czno\u015bciowe.<\/p>\n<p><a href=\"http:\/\/faktoria-pruszcz.pl\/wp-content\/uploads\/2017\/12\/DSC02052.jpg\" data-rel=\"lightbox-image-0\" data-rl_title=\"\" data-rl_caption=\"\" title=\"\"><img loading=\"lazy\" decoding=\"async\" class=\"size-large wp-image-346 aligncenter\" src=\"http:\/\/faktoria-pruszcz.pl\/wp-content\/uploads\/2017\/12\/DSC02052-1024x771.jpg\" alt=\"\" width=\"540\" height=\"407\" srcset=\"https:\/\/faktoria-pruszcz.pl\/wp-content\/uploads\/2017\/12\/DSC02052-1024x771.jpg 1024w, https:\/\/faktoria-pruszcz.pl\/wp-content\/uploads\/2017\/12\/DSC02052-300x226.jpg 300w, https:\/\/faktoria-pruszcz.pl\/wp-content\/uploads\/2017\/12\/DSC02052-768x578.jpg 768w\" sizes=\"auto, (max-width: 540px) 100vw, 540px\" \/><\/a><\/p>\n<table style=\"width: 100%;\" cellpadding=\"10\">\n<tbody>\n<tr>\n<td><strong>op\u0142ata edukacyjna<\/strong><br \/>\nlekcja muzealna<\/td>\n<td>100 PLN<\/td>\n<\/tr>\n<\/tbody>\n<\/table>\n<ul>\n<li><strong>Do op\u0142aty edukacyjnej nale\u017cy doliczy\u0107 bilety wst\u0119pu.<\/strong><strong><br \/>\n<\/strong><\/li>\n<li><strong> 1 opiekun na 10 os\u00f3b &#8211; bezp\u0142atnie<\/strong><\/li>\n<li>oferta skierowana do dzieci\u00a0<strong>powy\u017cej 6 roku \u017cycia<\/strong><\/li>\n<\/ul>\n<p>Lekcje odbywaj\u0105 si\u0119 od <strong>wtorku<\/strong> do <strong>pi\u0105tku <\/strong>w uzgodnionych z zainteresowanymi terminach, z wyprzedzeniem co najmniej tygodniowym. Zaj\u0119cia przewidziane s\u0105 dla grup do 25 os\u00f3b; w przypadku wi\u0119kszych grup, op\u0142ata edukacyjna jest podw\u00f3jna.<\/p>\n<p><a href=\"http:\/\/faktoria-pruszcz.pl\/wp-content\/uploads\/2017\/12\/DSC05934-2.jpg\" data-rel=\"lightbox-image-1\" data-rl_title=\"\" data-rl_caption=\"\" title=\"\"><img loading=\"lazy\" decoding=\"async\" class=\"size-large wp-image-349 aligncenter\" src=\"http:\/\/faktoria-pruszcz.pl\/wp-content\/uploads\/2017\/12\/DSC05934-2-1024x768.jpg\" alt=\"\" width=\"540\" height=\"405\" srcset=\"https:\/\/faktoria-pruszcz.pl\/wp-content\/uploads\/2017\/12\/DSC05934-2-1024x768.jpg 1024w, https:\/\/faktoria-pruszcz.pl\/wp-content\/uploads\/2017\/12\/DSC05934-2-300x225.jpg 300w, https:\/\/faktoria-pruszcz.pl\/wp-content\/uploads\/2017\/12\/DSC05934-2-768x576.jpg 768w\" sizes=\"auto, (max-width: 540px) 100vw, 540px\" \/><\/a><\/p>\n<p><strong>Spotkania z archeologi\u0105 w Pruszczu Gda\u0144skim<\/strong><\/p>\n<p>Podstawowym zadaniem \u201eSpotka\u0144 z archeologi\u0105\u201d w Pruszczu Gda\u0144skim b\u0119dzie propagowanie wiedzy archeologicznej w\u015br\u00f3d dzieci i m\u0142odzie\u017cy odwiedzaj\u0105cych Faktori\u0119 Handlow\u0105. Poziom i stopie\u0144 szczeg\u00f3\u0142owo\u015bci lekcji dostosowany jest do wieku uczestnik\u00f3w<em>. <\/em><\/p>\n<p>W naszej ofercie proponujemy Pa\u0144stwu nast\u0119puj\u0105ce tematy lekcji:<\/p>\n<p><strong><em>Zosta\u0144 legionist\u0105<br \/>\n<\/em><\/strong><em>Zaj\u0119cia dla dzieci i m\u0142odzie\u017cy MAX 20 OS\u00d3B<\/em><\/p>\n<p><em>Uczestnicy b\u0119d\u0105 mieli mo\u017cliwo\u015b\u0107 wykazania si\u0119 hartem cia\u0142a i ducha wcielaj\u0105c si\u0119 w Rzymskiego Legionist\u0119. Prezentacja uzbrojenia wraz z przymierzeniem zbroi, zapoznanie si\u0119 z ekwipunkiem legionisty oraz nauka o \u017cyciu w rzymskich legionach.<\/em><\/p>\n<p><strong><em>Warsztaty runiczne<br \/>\n<\/em><\/strong><em>Zaj\u0119cia dla dzieci i m\u0142odzie\u017cy<\/em><\/p>\n<p><em>Lekcja po\u0142\u0105czona z warsztatami na temat historii i znaczenia pisma runicznego, jego pochodzenia oraz rodzaj\u00f3w po\u0142\u0105cze\u0144 run. Na tych zaj\u0119ciach uczestnicy us\u0142ysz\u0105 legendy i historie si\u0119gaj\u0105ce czas\u00f3w staro\u017cytnych, b\u0119d\u0105 mieli mo\u017cliwo\u015b\u0107 wykona\u0107 w\u0142asn\u0105 run\u0119 oraz nauczy\u0107 si\u0119 pisa\u0107 w\u0142asne imi\u0119 pismem runicznym.<\/em><\/p>\n<p><strong><em> Czarodziejski Bursztyn<br \/>\n<\/em><\/strong><em>Zaj\u0119cia dla dzieci i m\u0142odzie\u017cy<\/em><\/p>\n<p><em>Dzieci przenios\u0105 si\u0119 w czasie o prawie 40 milion\u00f3w lat. Poznaj\u0105 histori\u0119 powstawania bursztynu i jego znaczenie dla cz\u0142owieka od czas\u00f3w staro\u017cytnych do dzisiejszych. Dzi\u0119ki do\u015bwiadczeniom uczestnicy zaj\u0119\u0107 dowiedz\u0105 si\u0119 wielu ciekawostek na temat w\u0142a\u015bciwo\u015bci i wykorzystania bursztynu oraz naucz\u0105 si\u0119 odr\u00f3\u017cnia\u0107 prawdziwy okaz \u201ez\u0142ota p\u00f3\u0142nocy\u201d od sztucznego.<\/em><\/p>\n<p><em><strong>Warsztaty garncarskie<br \/>\n<\/strong><\/em><em>Zaj\u0119cia dla dzieci, m\u0142odzie\u017cy oraz doros\u0142ych<\/em><\/p>\n<p><em>Podczas warsztat\u00f3w adepci garncarstwa naucz\u0105 si\u0119 praktycznej techniki garncarskiej sprzed 2000 lat. Poznaj\u0105 histori\u0119 wytwarzania naczy\u0144 i ozd\u00f3b oraz ich zastosowanie w okresie wp\u0142yw\u00f3w rzymskich. Na zako\u0144czenie zaj\u0119\u0107 mo\u017cna zabra\u0107 ze sob\u0105 w\u0142asnor\u0119cznie wykonane naczynie.<br \/>\n<\/em><\/p>\n<p><em><strong>\u0141ucznictwo tradycyjne <\/strong>\u00a0 \u00a0 \u00a0 \u00a0 \u00a0 \u00a0 \u00a0 \u00a0 \u00a0 \u00a0 \u00a0 \u00a0 \u00a0 \u00a0 \u00a0 \u00a0 \u00a0 \u00a0 \u00a0 \u00a0 \u00a0 \u00a0 \u00a0 \u00a0 \u00a0 \u00a0 \u00a0 \u00a0 \u00a0 \u00a0 \u00a0 \u00a0 \u00a0 \u00a0 \u00a0 \u00a0 \u00a0 \u00a0 \u00a0 \u00a0 \u00a0 \u00a0 \u00a0 \u00a0 \u00a0 \u00a0 \u00a0 \u00a0 \u00a0 \u00a0 \u00a0 \u00a0 \u00a0 \u00a0 \u00a0 \u00a0 \u00a0 \u00a0 \u00a0 \u00a0 \u00a0 \u00a0 \u00a0 \u00a0 \u00a0 \u00a0 \u00a0 \u00a0 \u00a0 \u00a0 \u00a0 \u00a0 \u00a0 \u00a0\u00a0 Zaj\u0119cia dla m\u0142odzie\u017cy i doros\u0142ych<\/em><\/p>\n<p><em>Uczestnicy, zar\u00f3wno ci, kt\u00f3rzy \u0142uk trzymaj\u0105 w d\u0142oni po raz pierwszy, jak i ci bardziej do\u015bwiadczeni, b\u0119d\u0105 mieli okazj\u0119 sprawdzi\u0107\u00a0 swoje umiej\u0119tno\u015bci. Dysponujemy \u0142ukami tradycyjnymi, kt\u00f3re dobieramy w zale\u017cno\u015bci od si\u0142y i do\u015bwiadczenia zawodnika, a zaj\u0119cia odbywaj\u0105 si\u0119 na odkrytym torze \u0142uczniczym, pod kierunkiem rekonstruktora. <\/em><\/p>\n<p><em><strong>Gry plebejskie <\/strong><\/em>\u00a0 \u00a0 \u00a0 \u00a0 \u00a0 \u00a0 \u00a0 \u00a0 \u00a0 \u00a0 \u00a0 \u00a0 \u00a0 \u00a0 \u00a0 \u00a0 \u00a0 \u00a0 \u00a0 \u00a0 \u00a0 \u00a0 \u00a0 \u00a0 \u00a0 \u00a0 \u00a0 \u00a0 \u00a0 \u00a0 \u00a0 \u00a0 \u00a0 \u00a0 \u00a0 \u00a0 \u00a0 \u00a0 \u00a0 \u00a0 \u00a0 \u00a0 \u00a0 \u00a0 \u00a0 \u00a0 \u00a0 \u00a0 \u00a0 \u00a0 \u00a0 \u00a0 \u00a0 \u00a0 \u00a0 \u00a0 \u00a0 \u00a0 \u00a0 \u00a0 \u00a0 \u00a0 \u00a0 \u00a0 \u00a0 \u00a0 \u00a0 \u00a0 \u00a0 \u00a0 \u00a0 \u00a0 \u00a0 \u00a0 \u00a0 \u00a0 \u00a0 \u00a0 \u00a0 \u00a0\u00a0 <em>Zaj\u0119cia<\/em><em> dla dzieci i m\u0142odzie\u017cy<\/em><\/p>\n<p><em>Wy\u015bcigi na &#8222;konikach&#8221;, przeci\u0105ganie liny, rzut podkow\u0105 do celu, rzut oszczepem, walka na drewniane miecze, chodzenie po r\u00f3wnowa\u017cni, &#8222;k\u00f3\u0142ko i krzy\u017cyk&#8221;, staro\u017cytne szczud\u0142a, kt\u00f3re pozwol\u0105 dzieciom na aktywne sp\u0119dzenie czasu i poka\u017c\u0105 im, jak bawiono si\u0119 w dawnych czasach, bez nowoczesnych technologii. \u00a0 <\/em><\/p>\n<p><a href=\"http:\/\/faktoria-pruszcz.pl\/wp-content\/uploads\/2017\/12\/016.jpg\" data-rel=\"lightbox-image-2\" data-rl_title=\"\" data-rl_caption=\"\" title=\"\"><img loading=\"lazy\" decoding=\"async\" class=\"size-large wp-image-457 aligncenter\" src=\"http:\/\/faktoria-pruszcz.pl\/wp-content\/uploads\/2017\/12\/016-1024x680.jpg\" alt=\"\" width=\"540\" height=\"359\" srcset=\"https:\/\/faktoria-pruszcz.pl\/wp-content\/uploads\/2017\/12\/016-1024x680.jpg 1024w, https:\/\/faktoria-pruszcz.pl\/wp-content\/uploads\/2017\/12\/016-300x199.jpg 300w, https:\/\/faktoria-pruszcz.pl\/wp-content\/uploads\/2017\/12\/016-768x510.jpg 768w, https:\/\/faktoria-pruszcz.pl\/wp-content\/uploads\/2017\/12\/016.jpg 1372w\" sizes=\"auto, (max-width: 540px) 100vw, 540px\" \/><\/a><\/p>\n<p><em><strong>Aby unikn\u0105\u0107 rozczarowania, zalecamy dokonywanie rezerwacji wi\u0119kszych grup i lekcji z dwutygodniowym wyprzedzeniem.<\/strong><\/em><\/p>\n<p><span style=\"font-size: 12pt;\"><strong>KASA \/ REZERWACJE &#8211; 601 830 590\u00a0<\/strong><\/span><\/p>\n","protected":false},"excerpt":{"rendered":"<p>Faktoria Handlowa to miejsce, w kt\u00f3rym mo\u017cna zobaczy\u0107, jak \u017cyli ludzie na terenie Pruszcza Gda\u0144skiego ponad 2000 lat temu. To jednak nie tylko zabytki. To miejsce, gdzie w niekonwencjonalny spos\u00f3b propagowana jest wiedza archeologiczna w\u015br\u00f3d dzieci <a class=\"more-link\" href=\"https:\/\/faktoria-pruszcz.pl\/?page_id=453?p=m\">Czytaj dalej&#8230;<\/a><\/p>\n","protected":false},"author":1,"featured_media":0,"parent":0,"menu_order":0,"comment_status":"closed","ping_status":"closed","template":"","meta":{"ngg_post_thumbnail":0,"footnotes":""},"class_list":["post-453","page","type-page","status-publish","hentry"],"_links":{"self":[{"href":"https:\/\/faktoria-pruszcz.pl\/index.php?rest_route=\/wp\/v2\/pages\/453","targetHints":{"allow":["GET"]}}],"collection":[{"href":"https:\/\/faktoria-pruszcz.pl\/index.php?rest_route=\/wp\/v2\/pages"}],"about":[{"href":"https:\/\/faktoria-pruszcz.pl\/index.php?rest_route=\/wp\/v2\/types\/page"}],"author":[{"embeddable":true,"href":"https:\/\/faktoria-pruszcz.pl\/index.php?rest_route=\/wp\/v2\/users\/1"}],"replies":[{"embeddable":true,"href":"https:\/\/faktoria-pruszcz.pl\/index.php?rest_route=%2Fwp%2Fv2%2Fcomments&post=453"}],"version-history":[{"count":19,"href":"https:\/\/faktoria-pruszcz.pl\/index.php?rest_route=\/wp\/v2\/pages\/453\/revisions"}],"predecessor-version":[{"id":7653,"href":"https:\/\/faktoria-pruszcz.pl\/index.php?rest_route=\/wp\/v2\/pages\/453\/revisions\/7653"}],"wp:attachment":[{"href":"https:\/\/faktoria-pruszcz.pl\/index.php?rest_route=%2Fwp%2Fv2%2Fmedia&parent=453"}],"curies":[{"name":"wp","href":"https:\/\/api.w.org\/{rel}","templated":true}]}}