{"id":456,"date":"2017-12-08T11:23:25","date_gmt":"2017-12-08T10:23:25","guid":{"rendered":"http:\/\/faktoria-pruszcz.pl\/?page_id=456"},"modified":"2023-02-01T13:18:30","modified_gmt":"2023-02-01T12:18:30","slug":"oferta-dla-dzieci","status":"publish","type":"page","link":"https:\/\/faktoria-pruszcz.pl\/?page_id=456","title":{"rendered":"Oferta dla dzieci"},"content":{"rendered":"<p>Faktoria Handlowa posiada w swojej ofercie wiele atrakcji dla dzieci. W Hali Targowej znajduj\u0105 si\u0119 rekonstrukcje stroj\u00f3w mieszka\u0144c\u00f3w Pruszcza sprzed 2 tys. lat, kt\u00f3re dzieci mog\u0105 przymierzy\u0107 i sta\u0107 si\u0119 ma\u0142ymi Gotami. W tej samej Hali mo\u017cna pobawi\u0107 si\u0119 w archeolog\u00f3w w specjalnie przygotowanej do tego imitacji wykopaliska, gdzie mali odkrywcy znajd\u0105 niejeden skarb.<\/p>\n<p>W Chacie Wodza, oraz w Hali Targowej najm\u0142odszych zainteresuje na pewno pokaz film\u00f3w ukazuj\u0105cych \u017cycie sprzed tysi\u0119cy lat. Chata Kowala i Chata Bursztyniarza to wierne odtworzenie domostw i warsztatu pracy tych rzemie\u015blnik\u00f3w. Dzieci mog\u0105 zobaczy\u0107 jak wygl\u0105dali mieszka\u0144cy, wyposa\u017cenie chat i za pomoc\u0105 jakich narz\u0119dzi pracowali kowal i bursztyniarz. Na terenie Faktorii Handlowej posiadamy ma\u0142\u0105 zagrod\u0119 ze zwierz\u0105tkami.\u00a0W okresie wiosenno-letnim mo\u017cna spr\u00f3bowa\u0107 swoich si\u0142 na torze \u0142uczniczym, oraz na bulodromie.<\/p>\n<p><a href=\"http:\/\/faktoria-pruszcz.pl\/wp-content\/uploads\/2017\/12\/1a1a1a1.jpg\" data-rel=\"lightbox-image-0\" data-rl_title=\"\" data-rl_caption=\"\" title=\"\"><img loading=\"lazy\" decoding=\"async\" class=\"wp-image-7029 aligncenter\" src=\"https:\/\/faktoria-pruszcz.pl\/wp-content\/uploads\/2021\/12\/AFP_4700-1024x683.jpg\" alt=\"\" width=\"289\" height=\"192\" srcset=\"https:\/\/faktoria-pruszcz.pl\/wp-content\/uploads\/2021\/12\/AFP_4700-1024x683.jpg 1024w, https:\/\/faktoria-pruszcz.pl\/wp-content\/uploads\/2021\/12\/AFP_4700-300x200.jpg 300w, https:\/\/faktoria-pruszcz.pl\/wp-content\/uploads\/2021\/12\/AFP_4700-768x512.jpg 768w, https:\/\/faktoria-pruszcz.pl\/wp-content\/uploads\/2021\/12\/AFP_4700.jpg 2048w\" sizes=\"auto, (max-width: 289px) 100vw, 289px\" \/><\/a><\/p>\n<p><a href=\"http:\/\/faktoria-pruszcz.pl\/wp-content\/uploads\/2017\/12\/1a1a1a1.jpg\" data-rel=\"lightbox-image-1\" data-rl_title=\"\" data-rl_caption=\"\" title=\"\"><img loading=\"lazy\" decoding=\"async\" class=\"wp-image-6984 aligncenter\" src=\"https:\/\/faktoria-pruszcz.pl\/wp-content\/uploads\/2021\/10\/244523416_4760561207311917_6126161418740821601_n-1024x684.jpg\" alt=\"\" width=\"289\" height=\"193\" srcset=\"https:\/\/faktoria-pruszcz.pl\/wp-content\/uploads\/2021\/10\/244523416_4760561207311917_6126161418740821601_n-1024x684.jpg 1024w, https:\/\/faktoria-pruszcz.pl\/wp-content\/uploads\/2021\/10\/244523416_4760561207311917_6126161418740821601_n-300x200.jpg 300w, https:\/\/faktoria-pruszcz.pl\/wp-content\/uploads\/2021\/10\/244523416_4760561207311917_6126161418740821601_n-768x513.jpg 768w, https:\/\/faktoria-pruszcz.pl\/wp-content\/uploads\/2021\/10\/244523416_4760561207311917_6126161418740821601_n.jpg 2048w\" sizes=\"auto, (max-width: 289px) 100vw, 289px\" \/><\/a><\/p>\n<p><img loading=\"lazy\" decoding=\"async\" class=\"alignnone wp-image-6987 aligncenter\" src=\"https:\/\/faktoria-pruszcz.pl\/wp-content\/uploads\/2021\/10\/244499789_4760561217311916_5473935177334458143_n-1024x684.jpg\" alt=\"\" width=\"296\" height=\"198\" srcset=\"https:\/\/faktoria-pruszcz.pl\/wp-content\/uploads\/2021\/10\/244499789_4760561217311916_5473935177334458143_n-1024x684.jpg 1024w, https:\/\/faktoria-pruszcz.pl\/wp-content\/uploads\/2021\/10\/244499789_4760561217311916_5473935177334458143_n-300x200.jpg 300w, https:\/\/faktoria-pruszcz.pl\/wp-content\/uploads\/2021\/10\/244499789_4760561217311916_5473935177334458143_n-768x513.jpg 768w, https:\/\/faktoria-pruszcz.pl\/wp-content\/uploads\/2021\/10\/244499789_4760561217311916_5473935177334458143_n.jpg 2048w\" sizes=\"auto, (max-width: 296px) 100vw, 296px\" \/><\/p>\n<p><a href=\"http:\/\/faktoria-pruszcz.pl\/wp-content\/uploads\/2017\/12\/1a1a1a1.jpg\" data-rel=\"lightbox-image-2\" data-rl_title=\"\" data-rl_caption=\"\" title=\"\"><img loading=\"lazy\" decoding=\"async\" class=\"wp-image-459 aligncenter\" src=\"http:\/\/faktoria-pruszcz.pl\/wp-content\/uploads\/2017\/12\/1a1a1a1-1024x576.jpg\" alt=\"\" width=\"299\" height=\"168\" srcset=\"https:\/\/faktoria-pruszcz.pl\/wp-content\/uploads\/2017\/12\/1a1a1a1-1024x576.jpg 1024w, https:\/\/faktoria-pruszcz.pl\/wp-content\/uploads\/2017\/12\/1a1a1a1-300x169.jpg 300w, https:\/\/faktoria-pruszcz.pl\/wp-content\/uploads\/2017\/12\/1a1a1a1-768x432.jpg 768w, https:\/\/faktoria-pruszcz.pl\/wp-content\/uploads\/2017\/12\/1a1a1a1-400x225.jpg 400w, https:\/\/faktoria-pruszcz.pl\/wp-content\/uploads\/2017\/12\/1a1a1a1-780x439.jpg 780w, https:\/\/faktoria-pruszcz.pl\/wp-content\/uploads\/2017\/12\/1a1a1a1.jpg 1224w\" sizes=\"auto, (max-width: 299px) 100vw, 299px\" \/><\/a><\/p>\n<p>Faktoria Handlowa pozwoli ca\u0142ej rodzinie sp\u0119dzi\u0107 czas mi\u0142o i ciekawie, gdzie zwyk\u0142y spacer mo\u017ce przerodzi\u0107 si\u0119 w nauk\u0119 o pradziejach.<\/p>\n<hr \/>\n<p><strong><span style=\"font-size: 12pt\">Urodziny w Faktorii<\/span><br \/>\n<\/strong><\/p>\n<p>Chcieliby\u015bmy poinformowa\u0107 Pa\u0144stwa, \u017ce Faktoria Handlowa w Pruszczu Gda\u0144skim rozszerzy\u0142a swoj\u0105 ofert\u0119 o kolejn\u0105 atrakcj\u0119; zapraszamy na przyj\u0119cia urodzinowe dla najm\u0142odszych:<\/p>\n<p><strong>\u201eUrodziny w gockiej osadzie\u201d<\/strong><\/p>\n<p><strong><br \/>\n<\/strong>Podczas urodzin na gockiej osadzie zaprosimy dzieci do wsp\u00f3lnej weso\u0142ej zabawy w scenerii odtworzonej osady handlowej sprzed\u00a0 dw\u00f3ch tysi\u0119cy lat. M\u0142odzi mieszka\u0144cy wioski poznaj\u0105 jak wygl\u0105da\u0142o \u017cycie, zwyczaje i zabawa w dawnych czasach. Podczas imprezy urodzinowej rekonstruktorzy wsp\u00f3lnie z zaproszonymi dzie\u0107mi wykonywa\u0107 b\u0119d\u0105 naczynia starodawnymi technikami, zaprezentuj\u0105 jak wygl\u0105da\u0142 i z jakich cz\u0119\u015bci sk\u0142ada\u0142 si\u0119 str\u00f3j z tego czasu.<\/p>\n<p>Zapewniamy sal\u0119, w kt\u00f3rej mo\u017cna zorganizowa\u0107 pocz\u0119stunek (we w\u0142asnym zakresie), a tak\u017ce wy\u015bwietli\u0107 film (w\u0142asny lub film edukacyjny prezentowany w Faktorii Handlowej) lub pos\u0142ucha\u0107 muzyki, opiek\u0119 rekonstruktora przez ca\u0142y czas trwania urodzin oraz wst\u0119p na wystaw\u0119.<\/p>\n<p><a href=\"http:\/\/faktoria-pruszcz.pl\/wp-content\/uploads\/2017\/12\/dsc00640.jpg\" data-rel=\"lightbox-image-3\" data-rl_title=\"\" data-rl_caption=\"\" title=\"\"><img loading=\"lazy\" decoding=\"async\" class=\"size-large wp-image-460 aligncenter\" src=\"http:\/\/faktoria-pruszcz.pl\/wp-content\/uploads\/2017\/12\/dsc00640-1024x576.jpg\" alt=\"\" width=\"540\" height=\"304\" srcset=\"https:\/\/faktoria-pruszcz.pl\/wp-content\/uploads\/2017\/12\/dsc00640-1024x576.jpg 1024w, https:\/\/faktoria-pruszcz.pl\/wp-content\/uploads\/2017\/12\/dsc00640-300x169.jpg 300w, https:\/\/faktoria-pruszcz.pl\/wp-content\/uploads\/2017\/12\/dsc00640-768x432.jpg 768w, https:\/\/faktoria-pruszcz.pl\/wp-content\/uploads\/2017\/12\/dsc00640-400x225.jpg 400w, https:\/\/faktoria-pruszcz.pl\/wp-content\/uploads\/2017\/12\/dsc00640-780x439.jpg 780w\" sizes=\"auto, (max-width: 540px) 100vw, 540px\" \/><\/a><\/p>\n<p>&nbsp;<\/p>\n<p><strong>Informacje dodatkowe:<\/strong><\/p>\n<ul>\n<li>oferta skierowana do dzieci <strong>powy\u017cej 6 roku \u017cycia<\/strong>;<\/li>\n<li>w zabawie urodzinowej udzia\u0142 mo\u017ce bra\u0107 <strong>maksymalnie 15 dzieci<\/strong>;<\/li>\n<li>urodziny trwaj\u0105 oko\u0142o <strong>2 godzin ( w tym 1,5h zabawy z rekonstruktorami)<\/strong>;<\/li>\n<li>w czasie trwania imprezy nale\u017cy zapewni\u0107<strong> opiek\u0119 doros\u0142ych<\/strong> (2 opiekun\u00f3w);<\/li>\n<li>oferta wa\u017cna od <strong>1 pa\u017adziernika do 31 maja, <\/strong>dotyczy sob\u00f3t i niedziel;<\/li>\n<li>koszt organizacji urodzin dla jednego dziecka to <strong>400\u00a0PLN<\/strong>.<\/li>\n<li>szczeg\u00f3\u0142owe informacje pod numerem telefonu:\u00a0<strong class=\"skype_c2c_print_container notranslate\"> <span class=\"skype_c2c_print_container notranslate\">601 830 590<\/span><span id=\"skype_c2c_container\" class=\"skype_c2c_container notranslate\" dir=\"ltr\"><span class=\"skype_c2c_highlighting_inactive_common\" dir=\"ltr\"><span id=\"non_free_num_ui\" class=\"skype_c2c_textarea_span\"><span class=\"skype_c2c_logo_img\">\u00a0<\/span><\/span><\/span><\/span><\/strong><\/li>\n<\/ul>\n<p>&nbsp;<\/p>\n<p>Wz\u00f3r zaprosze\u0144 do Faktorii do \u015bci\u0105gni\u0119cia poni\u017cej:<\/p>\n<ul>\n<li><a href=\"https:\/\/faktoria-pruszcz.pl\/wp-content\/uploads\/2022\/02\/wersja-dla-ch\u0142opca.jpg\" data-rel=\"lightbox-image-4\" data-rl_title=\"\" data-rl_caption=\"\" title=\"\">wersja dla ch\u0142opc\u00f3w<\/a><\/li>\n<li><a href=\"https:\/\/faktoria-pruszcz.pl\/wp-content\/uploads\/2022\/02\/wersja-dla-dziewczynki.jpg\" data-rel=\"lightbox-image-5\" data-rl_title=\"\" data-rl_caption=\"\" title=\"\">wersja dla dziewczynek<\/a><\/li>\n<li><a href=\"https:\/\/faktoria-pruszcz.pl\/wp-content\/uploads\/2022\/02\/wersja-klasyczna.jpg\" data-rel=\"lightbox-image-6\" data-rl_title=\"\" data-rl_caption=\"\" title=\"\">wersja klasyczna<\/a><\/li>\n<\/ul>\n<p>Uprzejmie prosimy o rezerwacje nie p\u00f3\u017aniej ni\u017c 21 dni przed imprez\u0105 w kasie Faktorii Handlowej przy ul. Zastawnej w Pruszczu Gda\u0144skim lub telefonicznie.<\/p>\n<p><span style=\"font-size: 12pt\"><strong>KASA \/ REZERWACJE &#8211; <span class=\"skype_c2c_print_container notranslate\">601 830 590<\/span><span id=\"skype_c2c_container\" class=\"skype_c2c_container notranslate\" dir=\"ltr\"><span class=\"skype_c2c_highlighting_inactive_common\" dir=\"ltr\"><span id=\"non_free_num_ui\" class=\"skype_c2c_textarea_span\"><span class=\"skype_c2c_logo_img\">\u00a0<\/span><\/span><\/span><\/span><\/strong><\/span><\/p>\n","protected":false},"excerpt":{"rendered":"<p>Faktoria Handlowa posiada w swojej ofercie wiele atrakcji dla dzieci. W Hali Targowej znajduj\u0105 si\u0119 rekonstrukcje stroj\u00f3w mieszka\u0144c\u00f3w Pruszcza sprzed 2 tys. lat, kt\u00f3re dzieci mog\u0105 przymierzy\u0107 i sta\u0107 si\u0119 ma\u0142ymi Gotami. W tej samej Hali <a class=\"more-link\" href=\"https:\/\/faktoria-pruszcz.pl\/?page_id=456?p=m\">Czytaj dalej&#8230;<\/a><\/p>\n","protected":false},"author":1,"featured_media":0,"parent":0,"menu_order":0,"comment_status":"closed","ping_status":"closed","template":"","meta":{"ngg_post_thumbnail":0,"footnotes":""},"class_list":["post-456","page","type-page","status-publish","hentry"],"_links":{"self":[{"href":"https:\/\/faktoria-pruszcz.pl\/index.php?rest_route=\/wp\/v2\/pages\/456","targetHints":{"allow":["GET"]}}],"collection":[{"href":"https:\/\/faktoria-pruszcz.pl\/index.php?rest_route=\/wp\/v2\/pages"}],"about":[{"href":"https:\/\/faktoria-pruszcz.pl\/index.php?rest_route=\/wp\/v2\/types\/page"}],"author":[{"embeddable":true,"href":"https:\/\/faktoria-pruszcz.pl\/index.php?rest_route=\/wp\/v2\/users\/1"}],"replies":[{"embeddable":true,"href":"https:\/\/faktoria-pruszcz.pl\/index.php?rest_route=%2Fwp%2Fv2%2Fcomments&post=456"}],"version-history":[{"count":15,"href":"https:\/\/faktoria-pruszcz.pl\/index.php?rest_route=\/wp\/v2\/pages\/456\/revisions"}],"predecessor-version":[{"id":7404,"href":"https:\/\/faktoria-pruszcz.pl\/index.php?rest_route=\/wp\/v2\/pages\/456\/revisions\/7404"}],"wp:attachment":[{"href":"https:\/\/faktoria-pruszcz.pl\/index.php?rest_route=%2Fwp%2Fv2%2Fmedia&parent=456"}],"curies":[{"name":"wp","href":"https:\/\/api.w.org\/{rel}","templated":true}]}}